= -r. What are the prime factors of r?
2, 5
Let k = -7 + 22. Let f = k - 11. Suppose f*r - 58 = -2. What are the prime factors of r?
2, 7
What are the prime factors of (-4)/6 - 122/(-3)?
2, 5
Suppose h - 8 = 3*f, -f = 2*h - 5*h - 8. Let q be (f/6)/((-1)/6). List the prime factors of q*(22/8 + -2).
3
Suppose -5*y = 8 - 123. List the prime factors of (0 + -2)/((-2)/y).
23
Let f = 819 - 559. What are the prime factors of f?
2, 5, 13
Let i = 10 - 5. Suppose -i*r - 58 = -4*p, p + 3*r = -p + 40. What are the prime factors of p?
17
Let a = 54 - 27. List the prime factors of a.
3
Suppose 1248 + 802 = 5*h. Suppose 5*f - h = -135. What are the prime factors of f?
5, 11
Let u(o) = -o**2 + 14*o + 1. List the prime factors of u(8).
7
Let a be (-2 + 3 - 11)*1. List the prime factors of ((-14)/a)/((-2)/(-10)).
7
List the prime factors of (-2 - 11)/(2/(-4)).
2, 13
Let o = 15 + -9. List the prime factors of -3 + (-3)/(o/(-20)).
7
Let z(g) be the second derivative of g**5/20 + 7*g**4/12 - g**3/3 + 2*g**2 + 9*g. What are the prime factors of z(-7)?
2, 3
List the prime factors of (-49 - 3)/(-5 + (-12)/(-4)).
2, 13
Suppose -4*a + 401 - 129 = 0. List the prime factors of a.
2, 17
Let f(v) be the third derivative of -v**6/120 + 3*v**5/20 - v**4/6 - v**3/3 + 5*v**2. What are the prime factors of f(8)?
2, 3, 5
Suppose 4*s = -5*k - 0*k + 144, 0 = 5*k. List the prime factors of s.
2, 3
Let m = 71 + 39. What are the prime factors of m?
2, 5, 11
Let z(k) = k**2 + k. List the prime factors of z(3).
2, 3
Let c(f) = -f**3 + 13*f**2 - 2*f + 11. Let n be c(13). List the prime factors of n*(-3 - (-4)/2).
3, 5
Let x be (-1)/((-2)/(2*2)). Let t(f) = f**3 - 9*f**2 + f + 11. Let c be t(8). What are the prime factors of x*(0 - c/6)?
3, 5
Let d = 42 + -7. What are the prime factors of d?
5, 7
Suppose -5 = -3*r - q, 2*r - r - 7 = 5*q. Suppose -2*v - r = -12. List the prime factors of v.
5
Let m be 5 - -2*(-1 - 0). Suppose 4 = m*o - 2*o. What are the prime factors of o?
2
Let b(j) = -13 - 4*j**2 - 2*j**2 + j**3 + 28 - 6*j**2. What are the prime factors of b(12)?
3, 5
What are the prime factors of 9/(45/160) + 1?
3, 11
Let d be -2*(-6)/4 - 8. What are the prime factors of 2/d - 231/(-15)?
3, 5
Let f = 12 - -34. List the prime factors of f.
2, 23
Suppose 0 = 2*i - 11 - 23. What are the prime factors of i?
17
Let k = 5 - 51. Let h = k - -78. List the prime factors of h.
2
Suppose -3*h = -8*h + 5. What are the prime factors of 8 + (-2 - (h - 4))?
3
Suppose -3*q - 5*u = -6*q + 14, -12 = 4*q + u. Let m = 20 + q. What are the prime factors of m?
2, 3
Suppose 0 = 7*r - 6*r - 2. Suppose u - 4*q - 7 = 0, u + r*q + 2 = 3. List the prime factors of u.
3
Let n = 5 - 1. Suppose -5*z = -c + 3*c - 173, 0 = -2*z + n*c + 74. What are the prime factors of z?
5, 7
Let h = -88 - -189. What are the prime factors of h?
101
List the prime factors of (12/(-5))/(-6)*125.
2, 5
Let k(x) = -x + 5. Let a be k(5). Suppose a = -p + 4*p. Suppose w + p*w = 10. List the prime factors of w.
2, 5
List the prime factors of 9*(-4)/(-8)*(-92)/(-3).
2, 3, 23
Let y = -46 - -82. List the prime factors of y.
2, 3
Let w = -155 + 225. Suppose -5*y + w + 60 = 0. List the prime factors of y.
2, 13
Let b(t) = 6*t**2 + 14*t - 12. List the prime factors of b(-5).
2, 17
Let k(f) = -f**2 - 10*f - 3. Let l(p) = 9*p**3 + 1. Let x be l(-1). What are the prime factors of k(x)?
13
Suppose 4*u - 101 - 103 = 0. List the prime factors of u.
3, 17
Suppose 0 = 4*y + 3*n - 428, 0*y = y - 2*n - 107. What are the prime factors of y?
107
Let m = 20 + -16. Let h = 24 - 12. Suppose -36 = -m*c + h. List the prime factors of c.
2, 3
Suppose -8*y = -2*y - 474. List the prime factors of y.
79
Suppose -x = -o + 69, 5*x + 12 = -13. Suppose 4*t + 16 - o = 0. List the prime factors of t.
2, 3
Suppose -4*r + 350 = r. What are the prime factors of r?
2, 5, 7
Let y = -7 - -12. Let u(d) = -y*d**2 + 4*d - 5 + 4 + 0*d**2 - d**3. List the prime factors of u(-6).
11
Suppose 0 = 5*s + 3*k - 79 - 168, 0 = -s - 2*k + 55. Suppose -s = -4*a + 1. List the prime factors of a.
2, 3
What are the prime factors of (48/15)/((-16)/(-280))?
2, 7
Suppose -232 = -0*i - 4*i. What are the prime factors of i?
2, 29
Let d = -33 - -170. What are the prime factors of d?
137
Let u(k) = k**2 - 4*k + 1. Let l be u(4). Let c = 1 + l. Suppose 3*m = -n + 11, -2*n + c*m + 3*m = -22. List the prime factors of n.
11
Suppose -105 = 5*o - 10*o. Suppose -5*r = -4*r - o. List the prime factors of r.
3, 7
Let v = 63 - 1. List the prime factors of v.
2, 31
List the prime factors of 840/52 - 4/26.
2
Suppose -5*z - y + 9 = -23, z + 5*y = 16. Suppose -z*v = -v - 10. Suppose 0 = 2*l - 3*l + 2*p + 11, -4*l + v*p + 20 = 0. What are the prime factors of l?
3
Suppose -g - 4*g + 10 = 0. Let q be (-4)/3*(-9)/g. Suppose 0 = -4*o + 14 + q. List the prime factors of o.
5
Suppose t = 2*t, 5*w = -t - 205. Let z = w - -58. What are the prime factors of z?
17
Let b(c) = 9*c - 1. Let n be b(1). Suppose 4*d = 28 + n. List the prime factors of d.
3
Let l(q) = -q**2 + 25*q - 26. List the prime factors of l(19).
2, 11
Let f(q) = 8*q**2 - 5*q - 3. Let h be f(-3). Suppose 4*i - 64 = -4*x, -4*x - 4*i = x - h. Suppose -2*c + x = 8. List the prime factors of c.
2, 3
Let t = 6 + -4. Suppose -3*q + 5 = t*z + 12, -5*z = -2*q + 27. What are the prime factors of (-1*q)/((-4)/20)?
5
Let m = 71 + -45. Suppose 4*f - m = 2*b, 0 = -4*b - f - 2*f - 30. What are the prime factors of b/6*(-14 + 2)?
2, 3
Let x be 3 - -1*3/(-3). Suppose c = -3*d + 12, 0 = -3*d - 5*c + x + 10. Suppose 5*p - p = 2*w + 2, -d*p - 8 = -4*w. List the prime factors of w.
5
Let k(z) = -5*z - 3. Suppose 2*s - 3*g + 9 = 1, -4*s - g - 16 = 0. Let y be 6*(-2)/s*-1. What are the prime factors of k(y)?
2, 3
Let d(p) = -2*p + 6*p + 0 + 4. List the prime factors of d(3).
2
Suppose s - 90 = -2*p + 37, -310 = -5*p - s. What are the prime factors of p?
61
Suppose 0 = 2*k + l - 71, 5*k - 184 = -0*l + 4*l. List the prime factors of k.
2, 3
Let l = 16 - -2. What are the prime factors of l?
2, 3
Let w(s) = s**2 - 6*s - 6. Let l be w(8). Let u = l + -5. List the prime factors of u.
5
Suppose -355 = -5*r + 175. What are the prime factors of r?
2, 53
Let q = -40 - -69. What are the prime factors of q?
29
What are the prime factors of (-5)/2*490/(-25)?
7
Suppose -67 = -2*h - 3*x, 0 = -2*h + 4*x + 27 + 5. What are the prime factors of h?
2, 13
What are the prime factors of ((-2)/(-4))/((-1)/(-38))?
19
Suppose -4*r = -2 + 10. Suppose -49 = 3*y - 4*o, -59 = -y + 5*y + o. What are the prime factors of (6/9)/(r/y)?
5
Suppose 3*y - 1476 = -6*y. List the prime factors of y.
2, 41
Let j(m) = -77*m**2 - 2*m - 1. Let s be j(-1). What are the prime factors of 1/((8/s)/(-2))?
19
Let m = -79 - -9. Let t = m + 114. List the prime factors of t.
2, 11
Let t be 2/(-6) - (-204)/(-9). Let a = t + 38. What are the prime factors of a?
3, 5
Let f(a) = 5*a**3 + 1. Let v be f(-1). Let i be 10*(-1 + (-6)/v). Suppose -3*n + 35 = i*g, -49 = -2*n - 3*n + g. What are the prime factors of n?
2, 5
Let n = 53 - -32. Suppose 2*p + 3*p - n = 0. List the prime factors of p.
17
Let x be 10/(-15)*-1*123. Suppose 3*t = -4*o + x, 0*t + 23 = o + 2*t. What are the prime factors of 4/6 - o/(-3)?
7
Let n be 2*(-1 - 9/(-3)). Suppose 0 = -n*i + 2 - 50. List the prime factors of (-2 - (-27)/i)*-4.
17
Suppose -8 = 3*y - 5*y + 2*o, 0 = 4*y - 3*o - 16. Let u be (-35)/(-3) + y/(-6). Let h(m) = -m**3 + 10*m**2 + 12*m + 9. What are the prime factors of h(u)?
2, 5
Suppose 816 = 4*c + 4*i - 4, i + 4 = 0. Suppose -5*j = -2*u - u - c, j - 5*u - 55 = 0. What are the prime factors of j?
2, 5
Let a(c) = -c**3 - 9*c**2 + 13*c - 9. Let i be a(-10). Let b = i + 78. List the prime factors of b.
3, 13
Let w = 12 + -16. Let g = w - -9. List the prime factors of g.
5
Suppose 0 = 2*o + 5*h - 344, -11*h + 12*h - 172 = -o. What are the prime factors of o?
2, 43
Suppose -2*l + 113 - 31 = 0. What are the prime factors of l?
41
Let k = 7 + -3. Suppose -k*z = -2*z - 22. List the prime factors of z.
11
Suppose 0 = -3*b + 18 + 9. Let w = 18 - b. What are the prime factors of w?
3
Let d = 1 - 2. Let s = 3 - d. What are the prime factors of s?
2
Let a(n) be the first derivative of n**5/30 + n**4/6 - 2*n**3/3 + n**2 - 3. Let k(y) be the second derivative of a(y